{"id":124,"date":"2020-09-10T18:54:59","date_gmt":"2020-09-10T16:54:59","guid":{"rendered":"http:\/\/alieshope.com\/?post_type=product&#038;p=124"},"modified":"2024-03-16T21:28:16","modified_gmt":"2024-03-16T20:28:16","slug":"frcolor-voile-de-mariee-en-dentelle-mariage-mariage-voile-avec-un-peigne","status":"publish","type":"product","link":"http:\/\/alieshope.com\/index.php\/produit\/frcolor-voile-de-mariee-en-dentelle-mariage-mariage-voile-avec-un-peigne\/","title":{"rendered":"Frcolor Voile de mari\u00e9e en dentelle mariage mariage voile avec un peigne"},"content":{"rendered":"<h1 id=\"title\" class=\"a-size-large a-spacing-none\"><span id=\"productTitle\" class=\"a-size-large product-title-word-break\">Frcolor Voile de mari\u00e9e en dentelle mariage mariage voile avec un peigne<\/span><\/h1>\n","protected":false},"excerpt":{"rendered":"<ul class=\"a-unordered-list a-vertical a-spacing-mini\">\n<li><span class=\"a-list-item\">Ce beau voile de mariage convient bien \u00e0 toutes les mari\u00e9es.<\/span><\/li>\n<li><span class=\"a-list-item\">Ce voile est facile \u00e0 attacher \u00e0 la chevelure gr\u00e2ce \u00e0 un peigne en m\u00e9tal, ce qui ne g\u00eane aucunement les plans de pr\u00e9paration d\u00e9j\u00e0 grav\u00e9s dans la pierre.<\/span><\/li>\n<li><span class=\"a-list-item\">Ce voile compl\u00e8te le look que vous recherchez le plus beau jour de votre vie.<\/span><\/li>\n<li><span class=\"a-list-item\">HANG et VAPEUR: Pour prendre soin de votre voile et obtenir une bonne forme pour correspondre \u00e0 votre robe de mari\u00e9e, s&#8217;il vous pla\u00eet l&#8217;accrocher quand il est de rechange et la vapeur si n\u00e9cessaire.<\/span><\/li>\n<li><span class=\"a-list-item\">Avec Comb maintenant, facile \u00e0 fixer sur le dessus ou l&#8217;arri\u00e8re de la t\u00eate.<\/span><\/li>\n<\/ul>\n<div class=\"prdm-research productor-style-container prdm-card\" data-research-asin=\"B07B9Z33X5\">\n<div class=\"prdm-research-entry d-flex align-items-center\"><\/div>\n<\/div>\n","protected":false},"featured_media":125,"comment_status":"open","ping_status":"closed","template":"","meta":{"jetpack_publicize_message":"","jetpack_publicize_feature_enabled":true,"jetpack_social_post_already_shared":false,"jetpack_social_options":{"image_generator_settings":{"template":"highway","enabled":false},"version":2}},"product_cat":[28],"product_tag":[],"jetpack_publicize_connections":[],"yoast_head":"<!-- This site is optimized with the Yoast SEO plugin v23.5 - https:\/\/yoast.com\/wordpress\/plugins\/seo\/ -->\n<title>Frcolor Voile de mari\u00e9e en dentelle mariage mariage voile avec un peigne - NEGAFA ZIANA PARIS<\/title>\n<meta name=\"description\" content=\"Voile de mari\u00e9e en dentelle mariage mariage voile avec un peigne pas cher\" \/>\n<meta name=\"robots\" content=\"index, follow, max-snippet:-1, max-image-preview:large, max-video-preview:-1\" \/>\n<link rel=\"canonical\" href=\"http:\/\/alieshope.com\/index.php\/produit\/frcolor-voile-de-mariee-en-dentelle-mariage-mariage-voile-avec-un-peigne\/\" \/>\n<meta property=\"og:locale\" content=\"en_US\" \/>\n<meta property=\"og:type\" content=\"article\" \/>\n<meta property=\"og:title\" content=\"Frcolor Voile de mari\u00e9e en dentelle mariage mariage voile avec un peigne - NEGAFA ZIANA PARIS\" \/>\n<meta property=\"og:description\" content=\"Voile de mari\u00e9e en dentelle mariage mariage voile avec un peigne pas cher\" \/>\n<meta property=\"og:url\" content=\"http:\/\/alieshope.com\/index.php\/produit\/frcolor-voile-de-mariee-en-dentelle-mariage-mariage-voile-avec-un-peigne\/\" \/>\n<meta property=\"og:site_name\" content=\"NEGAFA ZIANA PARIS\" \/>\n<meta property=\"article:modified_time\" content=\"2024-03-16T20:28:16+00:00\" \/>\n<meta property=\"og:image\" content=\"https:\/\/i0.wp.com\/alieshope.com\/wp-content\/uploads\/2020\/09\/61-rwqCPHCL._AC_SL1002_.jpg?fit=1002%2C1002\" \/>\n\t<meta property=\"og:image:width\" content=\"1002\" \/>\n\t<meta property=\"og:image:height\" content=\"1002\" \/>\n\t<meta property=\"og:image:type\" content=\"image\/jpeg\" \/>\n<meta name=\"twitter:card\" content=\"summary_large_image\" \/>\n<script type=\"application\/ld+json\" class=\"yoast-schema-graph\">{\"@context\":\"https:\/\/schema.org\",\"@graph\":[{\"@type\":\"WebPage\",\"@id\":\"http:\/\/alieshope.com\/index.php\/produit\/frcolor-voile-de-mariee-en-dentelle-mariage-mariage-voile-avec-un-peigne\/\",\"url\":\"http:\/\/alieshope.com\/index.php\/produit\/frcolor-voile-de-mariee-en-dentelle-mariage-mariage-voile-avec-un-peigne\/\",\"name\":\"Frcolor Voile de mari\u00e9e en dentelle mariage mariage voile avec un peigne - NEGAFA ZIANA PARIS\",\"isPartOf\":{\"@id\":\"https:\/\/alieshope.com\/#website\"},\"primaryImageOfPage\":{\"@id\":\"http:\/\/alieshope.com\/index.php\/produit\/frcolor-voile-de-mariee-en-dentelle-mariage-mariage-voile-avec-un-peigne\/#primaryimage\"},\"image\":{\"@id\":\"http:\/\/alieshope.com\/index.php\/produit\/frcolor-voile-de-mariee-en-dentelle-mariage-mariage-voile-avec-un-peigne\/#primaryimage\"},\"thumbnailUrl\":\"https:\/\/i0.wp.com\/alieshope.com\/wp-content\/uploads\/2020\/09\/61-rwqCPHCL._AC_SL1002_.jpg?fit=1002%2C1002\",\"datePublished\":\"2020-09-10T16:54:59+00:00\",\"dateModified\":\"2024-03-16T20:28:16+00:00\",\"description\":\"Voile de mari\u00e9e en dentelle mariage mariage voile avec un peigne pas cher\",\"breadcrumb\":{\"@id\":\"http:\/\/alieshope.com\/index.php\/produit\/frcolor-voile-de-mariee-en-dentelle-mariage-mariage-voile-avec-un-peigne\/#breadcrumb\"},\"inLanguage\":\"en-US\",\"potentialAction\":[{\"@type\":\"ReadAction\",\"target\":[\"http:\/\/alieshope.com\/index.php\/produit\/frcolor-voile-de-mariee-en-dentelle-mariage-mariage-voile-avec-un-peigne\/\"]}]},{\"@type\":\"ImageObject\",\"inLanguage\":\"en-US\",\"@id\":\"http:\/\/alieshope.com\/index.php\/produit\/frcolor-voile-de-mariee-en-dentelle-mariage-mariage-voile-avec-un-peigne\/#primaryimage\",\"url\":\"https:\/\/i0.wp.com\/alieshope.com\/wp-content\/uploads\/2020\/09\/61-rwqCPHCL._AC_SL1002_.jpg?fit=1002%2C1002\",\"contentUrl\":\"https:\/\/i0.wp.com\/alieshope.com\/wp-content\/uploads\/2020\/09\/61-rwqCPHCL._AC_SL1002_.jpg?fit=1002%2C1002\",\"width\":1002,\"height\":1002,\"caption\":\"Frcolor Voile de mari\u00e9e en dentelle mariage mariage voile avec un peigne\"},{\"@type\":\"BreadcrumbList\",\"@id\":\"http:\/\/alieshope.com\/index.php\/produit\/frcolor-voile-de-mariee-en-dentelle-mariage-mariage-voile-avec-un-peigne\/#breadcrumb\",\"itemListElement\":[{\"@type\":\"ListItem\",\"position\":1,\"name\":\"Accueil\",\"item\":\"https:\/\/alieshope.com\/\"},{\"@type\":\"ListItem\",\"position\":2,\"name\":\"Boutique\",\"item\":\"https:\/\/alieshope.com\/index.php\/boutique\/\"},{\"@type\":\"ListItem\",\"position\":3,\"name\":\"Frcolor Voile de mari\u00e9e en dentelle mariage mariage voile avec un peigne\"}]},{\"@type\":\"WebSite\",\"@id\":\"https:\/\/alieshope.com\/#website\",\"url\":\"https:\/\/alieshope.com\/\",\"name\":\"NEGAFA ZIANA PARIS\",\"description\":\"NEGAFA PARISIENNE \",\"publisher\":{\"@id\":\"https:\/\/alieshope.com\/#organization\"},\"potentialAction\":[{\"@type\":\"SearchAction\",\"target\":{\"@type\":\"EntryPoint\",\"urlTemplate\":\"https:\/\/alieshope.com\/?s={search_term_string}\"},\"query-input\":{\"@type\":\"PropertyValueSpecification\",\"valueRequired\":true,\"valueName\":\"search_term_string\"}}],\"inLanguage\":\"en-US\"},{\"@type\":\"Organization\",\"@id\":\"https:\/\/alieshope.com\/#organization\",\"name\":\"negafa\",\"url\":\"https:\/\/alieshope.com\/\",\"logo\":{\"@type\":\"ImageObject\",\"inLanguage\":\"en-US\",\"@id\":\"https:\/\/alieshope.com\/#\/schema\/logo\/image\/\",\"url\":\"https:\/\/i0.wp.com\/alieshope.com\/wp-content\/uploads\/2020\/09\/cropped-Cercle-Vert-Environnement-Logo-2.png?fit=500%2C343\",\"contentUrl\":\"https:\/\/i0.wp.com\/alieshope.com\/wp-content\/uploads\/2020\/09\/cropped-Cercle-Vert-Environnement-Logo-2.png?fit=500%2C343\",\"width\":500,\"height\":343,\"caption\":\"negafa\"},\"image\":{\"@id\":\"https:\/\/alieshope.com\/#\/schema\/logo\/image\/\"}}]}<\/script>\n<!-- \/ Yoast SEO plugin. -->","yoast_head_json":{"title":"Frcolor Voile de mari\u00e9e en dentelle mariage mariage voile avec un peigne - NEGAFA ZIANA PARIS","description":"Voile de mari\u00e9e en dentelle mariage mariage voile avec un peigne pas cher","robots":{"index":"index","follow":"follow","max-snippet":"max-snippet:-1","max-image-preview":"max-image-preview:large","max-video-preview":"max-video-preview:-1"},"canonical":"http:\/\/alieshope.com\/index.php\/produit\/frcolor-voile-de-mariee-en-dentelle-mariage-mariage-voile-avec-un-peigne\/","og_locale":"en_US","og_type":"article","og_title":"Frcolor Voile de mari\u00e9e en dentelle mariage mariage voile avec un peigne - NEGAFA ZIANA PARIS","og_description":"Voile de mari\u00e9e en dentelle mariage mariage voile avec un peigne pas cher","og_url":"http:\/\/alieshope.com\/index.php\/produit\/frcolor-voile-de-mariee-en-dentelle-mariage-mariage-voile-avec-un-peigne\/","og_site_name":"NEGAFA ZIANA PARIS","article_modified_time":"2024-03-16T20:28:16+00:00","og_image":[{"width":1002,"height":1002,"url":"https:\/\/i0.wp.com\/alieshope.com\/wp-content\/uploads\/2020\/09\/61-rwqCPHCL._AC_SL1002_.jpg?fit=1002%2C1002","type":"image\/jpeg"}],"twitter_card":"summary_large_image","schema":{"@context":"https:\/\/schema.org","@graph":[{"@type":"WebPage","@id":"http:\/\/alieshope.com\/index.php\/produit\/frcolor-voile-de-mariee-en-dentelle-mariage-mariage-voile-avec-un-peigne\/","url":"http:\/\/alieshope.com\/index.php\/produit\/frcolor-voile-de-mariee-en-dentelle-mariage-mariage-voile-avec-un-peigne\/","name":"Frcolor Voile de mari\u00e9e en dentelle mariage mariage voile avec un peigne - NEGAFA ZIANA PARIS","isPartOf":{"@id":"https:\/\/alieshope.com\/#website"},"primaryImageOfPage":{"@id":"http:\/\/alieshope.com\/index.php\/produit\/frcolor-voile-de-mariee-en-dentelle-mariage-mariage-voile-avec-un-peigne\/#primaryimage"},"image":{"@id":"http:\/\/alieshope.com\/index.php\/produit\/frcolor-voile-de-mariee-en-dentelle-mariage-mariage-voile-avec-un-peigne\/#primaryimage"},"thumbnailUrl":"https:\/\/i0.wp.com\/alieshope.com\/wp-content\/uploads\/2020\/09\/61-rwqCPHCL._AC_SL1002_.jpg?fit=1002%2C1002","datePublished":"2020-09-10T16:54:59+00:00","dateModified":"2024-03-16T20:28:16+00:00","description":"Voile de mari\u00e9e en dentelle mariage mariage voile avec un peigne pas cher","breadcrumb":{"@id":"http:\/\/alieshope.com\/index.php\/produit\/frcolor-voile-de-mariee-en-dentelle-mariage-mariage-voile-avec-un-peigne\/#breadcrumb"},"inLanguage":"en-US","potentialAction":[{"@type":"ReadAction","target":["http:\/\/alieshope.com\/index.php\/produit\/frcolor-voile-de-mariee-en-dentelle-mariage-mariage-voile-avec-un-peigne\/"]}]},{"@type":"ImageObject","inLanguage":"en-US","@id":"http:\/\/alieshope.com\/index.php\/produit\/frcolor-voile-de-mariee-en-dentelle-mariage-mariage-voile-avec-un-peigne\/#primaryimage","url":"https:\/\/i0.wp.com\/alieshope.com\/wp-content\/uploads\/2020\/09\/61-rwqCPHCL._AC_SL1002_.jpg?fit=1002%2C1002","contentUrl":"https:\/\/i0.wp.com\/alieshope.com\/wp-content\/uploads\/2020\/09\/61-rwqCPHCL._AC_SL1002_.jpg?fit=1002%2C1002","width":1002,"height":1002,"caption":"Frcolor Voile de mari\u00e9e en dentelle mariage mariage voile avec un peigne"},{"@type":"BreadcrumbList","@id":"http:\/\/alieshope.com\/index.php\/produit\/frcolor-voile-de-mariee-en-dentelle-mariage-mariage-voile-avec-un-peigne\/#breadcrumb","itemListElement":[{"@type":"ListItem","position":1,"name":"Accueil","item":"https:\/\/alieshope.com\/"},{"@type":"ListItem","position":2,"name":"Boutique","item":"https:\/\/alieshope.com\/index.php\/boutique\/"},{"@type":"ListItem","position":3,"name":"Frcolor Voile de mari\u00e9e en dentelle mariage mariage voile avec un peigne"}]},{"@type":"WebSite","@id":"https:\/\/alieshope.com\/#website","url":"https:\/\/alieshope.com\/","name":"NEGAFA ZIANA PARIS","description":"NEGAFA PARISIENNE ","publisher":{"@id":"https:\/\/alieshope.com\/#organization"},"potentialAction":[{"@type":"SearchAction","target":{"@type":"EntryPoint","urlTemplate":"https:\/\/alieshope.com\/?s={search_term_string}"},"query-input":{"@type":"PropertyValueSpecification","valueRequired":true,"valueName":"search_term_string"}}],"inLanguage":"en-US"},{"@type":"Organization","@id":"https:\/\/alieshope.com\/#organization","name":"negafa","url":"https:\/\/alieshope.com\/","logo":{"@type":"ImageObject","inLanguage":"en-US","@id":"https:\/\/alieshope.com\/#\/schema\/logo\/image\/","url":"https:\/\/i0.wp.com\/alieshope.com\/wp-content\/uploads\/2020\/09\/cropped-Cercle-Vert-Environnement-Logo-2.png?fit=500%2C343","contentUrl":"https:\/\/i0.wp.com\/alieshope.com\/wp-content\/uploads\/2020\/09\/cropped-Cercle-Vert-Environnement-Logo-2.png?fit=500%2C343","width":500,"height":343,"caption":"negafa"},"image":{"@id":"https:\/\/alieshope.com\/#\/schema\/logo\/image\/"}}]}},"jetpack_sharing_enabled":true,"_links":{"self":[{"href":"http:\/\/alieshope.com\/index.php\/wp-json\/wp\/v2\/product\/124"}],"collection":[{"href":"http:\/\/alieshope.com\/index.php\/wp-json\/wp\/v2\/product"}],"about":[{"href":"http:\/\/alieshope.com\/index.php\/wp-json\/wp\/v2\/types\/product"}],"replies":[{"embeddable":true,"href":"http:\/\/alieshope.com\/index.php\/wp-json\/wp\/v2\/comments?post=124"}],"wp:featuredmedia":[{"embeddable":true,"href":"http:\/\/alieshope.com\/index.php\/wp-json\/wp\/v2\/media\/125"}],"wp:attachment":[{"href":"http:\/\/alieshope.com\/index.php\/wp-json\/wp\/v2\/media?parent=124"}],"wp:term":[{"taxonomy":"product_cat","embeddable":true,"href":"http:\/\/alieshope.com\/index.php\/wp-json\/wp\/v2\/product_cat?post=124"},{"taxonomy":"product_tag","embeddable":true,"href":"http:\/\/alieshope.com\/index.php\/wp-json\/wp\/v2\/product_tag?post=124"}],"curies":[{"name":"wp","href":"https:\/\/api.w.org\/{rel}","templated":true}]}}